{"id":110,"date":"2012-06-05T11:36:44","date_gmt":"2012-06-05T11:36:44","guid":{"rendered":"http:\/\/www.tonkinese.ch\/nashiras\/?page_id=110"},"modified":"2020-07-28T22:57:27","modified_gmt":"2020-07-28T20:57:27","slug":"cattery-name","status":"publish","type":"page","link":"http:\/\/www.tonkinese.ch\/nashiras\/about\/cattery-name\/","title":{"rendered":"Cattery-Name"},"content":{"rendered":"\n<h3>Zur Entstehung meines Zwingernamens<\/h3>\n\n\n\n<p>Wenn man gerne Katzen z\u00fcchten m\u00f6chte, kommt irgendwann der Zeitpunkt, wo man sich f\u00fcr einen Zwingernamen entscheiden muss. Bald stellt man dann jedoch fest, dass die meisten sch\u00f6nen Namen, die einem so einfallen, schon vergeben sind.<\/p>\n\n\n\n<p>Ich habe \u00fcberlegt und \u00fcberlegt, wie ich meine Katzenzucht denn nennen sollte. Der Name sollte sch\u00f6n klingen und auf eine Art auch einen Bezug zu meinen Katzen und mir haben. Meine Katzen sind meine Stars und so wurde die Idee geboren, meine Zucht nach einem Stern zu benennen.<\/p>\n\n\n\n<p>So machte ich mich auf die Suche nach einem sch\u00f6nen Sternennamen und stiess dabei auf&nbsp;<strong>Nashira<\/strong>.&nbsp;<strong>Nashira<\/strong>&nbsp;heisst wissenschaftlich Gamma Capricorni und befindet sich im Sternbild des Steinbockes, welches zugleich auch mein Tierkreiszeichen ist. Der Name&nbsp;<strong>Nashira<\/strong>&nbsp;kommt aus dem Arabischen und heisst soviel wie \"\u00dcberbringer guter Nachrichten\".<\/p>\n\n\n\n<div class=\"wp-block-image\"><figure class=\"aligncenter\"><a href=\"http:\/\/www.tonkinese.ch\/nashiras\/wp-content\/uploads\/2012\/06\/prefix_capricornus.jpeg\"><img src=\"http:\/\/www.tonkinese.ch\/nashiras\/wp-content\/uploads\/2012\/06\/prefix_capricornus.jpeg\" alt=\"\" class=\"wp-image-111\" title=\"prefix_capricornus\"\/><\/a><\/figure><\/div>\n","protected":false},"excerpt":{"rendered":"<p>Zur Entstehung meines Zwingernamens Wenn man gerne Katzen z\u00fcchten m\u00f6chte, kommt irgendwann der Zeitpunkt, wo man sich f\u00fcr einen Zwingernamen entscheiden muss. Bald stellt man dann jedoch fest, dass die meisten sch\u00f6nen Namen, die einem so einfallen, schon vergeben sind&#8230;. <a class=\"more-link\" href=\"http:\/\/www.tonkinese.ch\/nashiras\/about\/cattery-name\/\">Weiterlesen &rarr;<\/a><\/p>\n","protected":false},"author":1,"featured_media":0,"parent":2,"menu_order":2,"comment_status":"closed","ping_status":"closed","template":"","meta":[],"_links":{"self":[{"href":"http:\/\/www.tonkinese.ch\/nashiras\/wp-json\/wp\/v2\/pages\/110"}],"collection":[{"href":"http:\/\/www.tonkinese.ch\/nashiras\/wp-json\/wp\/v2\/pages"}],"about":[{"href":"http:\/\/www.tonkinese.ch\/nashiras\/wp-json\/wp\/v2\/types\/page"}],"author":[{"embeddable":true,"href":"http:\/\/www.tonkinese.ch\/nashiras\/wp-json\/wp\/v2\/users\/1"}],"replies":[{"embeddable":true,"href":"http:\/\/www.tonkinese.ch\/nashiras\/wp-json\/wp\/v2\/comments?post=110"}],"version-history":[{"count":6,"href":"http:\/\/www.tonkinese.ch\/nashiras\/wp-json\/wp\/v2\/pages\/110\/revisions"}],"predecessor-version":[{"id":1212,"href":"http:\/\/www.tonkinese.ch\/nashiras\/wp-json\/wp\/v2\/pages\/110\/revisions\/1212"}],"up":[{"embeddable":true,"href":"http:\/\/www.tonkinese.ch\/nashiras\/wp-json\/wp\/v2\/pages\/2"}],"wp:attachment":[{"href":"http:\/\/www.tonkinese.ch\/nashiras\/wp-json\/wp\/v2\/media?parent=110"}],"curies":[{"name":"wp","href":"https:\/\/api.w.org\/{rel}","templated":true}]}}