{"id":45,"date":"2012-06-04T20:42:48","date_gmt":"2012-06-04T20:42:48","guid":{"rendered":"http:\/\/www.tonkinese.ch\/nashiras\/?page_id=45"},"modified":"2012-06-04T22:11:58","modified_gmt":"2012-06-04T22:11:58","slug":"tonkanesen","status":"publish","type":"page","link":"http:\/\/www.tonkinese.ch\/nashiras\/tonkanesen\/","title":{"rendered":"Tonkanesen"},"content":{"rendered":"<h2>Schmusetiger mit Aqua Augen<a href=\"http:\/\/www.tonkinese.ch\/nashiras\/wp-content\/uploads\/2012\/06\/tonkinese_profile_eyes.jpeg\"><img class=\"alignright size-full wp-image-47\" title=\"tonkinese_profile_eyes\" src=\"http:\/\/www.tonkinese.ch\/nashiras\/wp-content\/uploads\/2012\/06\/tonkinese_profile_eyes.jpeg\" alt=\"\" width=\"150\" height=\"59\" \/><\/a><\/h2>\r\nEin wundervoller Charakter, ein seidig gl\u00e4nzendes Fell und die in der Katzenwelt einmaligen aquafarbenen Augen sind die Markenzeichen dieser in der Schweiz leider noch viel zu wenig bekannten Rasse, die nicht nur durch ihre Sch\u00f6nheit, sondern auch durch ihren wunderbaren Charakter besticht.\r\n\r\nDie Tonkanese vereinigt in sich die besten Eigenschaften ihrer Ursprungsrassen, der Siam und der Burma. Sie ist verspielt, menschenbezogen, unerschrocken, neugierig, aufgeschlossen gegen\u00fcber andern Tieren, freundlich zu Kindern und immer f\u00fcr einen Schabernack zu haben. Obwohl ihre Stimme meist leiser und feiner ist als die der Siamesen, weiss sie sie gekonnt einzusetzen, um ihre W\u00fcnsche kundzutun. Sie liebt es, in der N\u00e4he ihres Menschen zu sein und das Geschehen im Haushalt von einem erh\u00f6hten Beobachtungsposten aus zu beobachten, vorzugsweise der Schulter des Menschen. Wenn sie einen gelehrigen Menschen hat, bringt sie ihm auch bei, ihr Lieblingsspielzeug zu werfen, so dass sie es ihm immer wieder zur\u00fcckbringen kann. Tonkanesen sind sehr anh\u00e4ngliche, aber gleichzeitig auch eigenwillige Katzen, die es verstehen, ihren Menschen um die Samtpfote zu wickeln. Tonkanesen sind auch sehr gesellige Katzen und sollten daher nie alleine gehalten werden, sondern mindestens zu zweit. Die andere Katze muss nicht unbedingt eine Tonkanese sein, doch sollte darauf geachtet werden, dass sie vom Charakter her \u00e4hnlich ist, d.h. aktiv, verspielt und gesellig.\r\n<h3><strong>Standard<\/strong><\/h3>\r\nDie Tonkanese ist eine mittelgrosse, gutproportionierte Katze mit einem halbfremdartigen K\u00f6rper, schlank und zugleich muskul\u00f6s und f\u00fcr ihre Gr\u00f6sse \u00fcberraschend schwer. Die Beine sind mittellang und schlank, die Hintergliedmassen etwas h\u00f6her als die vorderen, mit oval geformten Pfoten. Der Schwanz ist mittellang und schlank und endet in einer sanft gerundeten Spitze. Der Kopf ist ein modifizierter Keil mit runden Konturen und einem leichten Stopp. Die Schnauzenpartie ist massiv und gerundet, deutlich vom Gesicht abgesetzt, aber ohne Pinch. Kopf und Ohren bilden ein gleichseitiges Dreieck. Die mittelgrossen Ohren sind nach vorne gerichtet und breit am Ansatz. Das Fell ist kurz, fein, eng anliegend und stark gl\u00e4nzend. Die dunkleren Abzeichen sollten ganz allm\u00e4hlich in die K\u00f6rperfarbe \u00fcbergehen. Die mandelf\u00f6rmigen Augen sind leicht schr\u00e4g gestellt, farblich bevorzugt wird Blaugr\u00fcn oder Aquamarin; es sind jedoch alle Nuancen zwischen Gr\u00fcn und Hellblau zugelassen. Folgende Farben sind anerkannt: Braun, Blau, Chocolate, Lilac, Rot, Creme und die entsprechenden Torties, Tabbies und Tortie-Tabbies.\r\n<h3><strong>Geschichte<\/strong><\/h3>\r\n<a href=\"http:\/\/www.tonkinese.ch\/nashiras\/wp-content\/uploads\/2012\/06\/tonkinese_profile_wongmau.jpeg\"><img class=\"alignleft size-full wp-image-48\" title=\"tonkinese_profile_wongmau\" src=\"http:\/\/www.tonkinese.ch\/nashiras\/wp-content\/uploads\/2012\/06\/tonkinese_profile_wongmau.jpeg\" alt=\"\" width=\"274\" height=\"214\" \/><\/a>Obwohl golden gef\u00e4rbte Maskenkatzen in England seit 1800 immer wieder beschrieben wurden, beginnt die eigentliche Geschichte der Tonkanese um 1930, als Dr. Joseph Thompson von einer seiner Reisen eine kleine braune Maskenkatze namens Wong Mau nach Kalifornien mitbrachte. Da sie f\u00fcr eine Siamkatze mit schlechter Farbe gehalten wurde, verpaarte man Wong Mau mit einem Siamkater. Im Wurf gab es dann hellere, siamfarbene K\u00e4tzchen und dunklere, welche der Mutter \u00e4hnelten. Eines der dunklen Katerchen wurde dann mit seiner Mutter r\u00fcckverpaart und im daraus resultierenden Wurf kamen dann K\u00e4tzchen in drei Farbtypen vor: helle K\u00e4tzchen mit dunkler Maske (Pointed oder siamesenfarben) und tiefblauen Augen, dunkle K\u00e4tzchen mit kaum sichtbarer Maske (Solid\u00a0oder burmesenfarben) gelblich-gr\u00fcnen Augen und K\u00e4tzchen mit einem mittleren Kontrast (Mink) und aquafarbenen Augen. Die Z\u00fcchter konzentrierten sich in der Folge auf die dunklen K\u00e4tzchen, aus denen die Burma entstand und vernachl\u00e4ssigte die Tonkanesen-Nachkommen. So gilt Wong Mau als Stammmutter der Burmesen, obwohl sie eigentlich eine Tonkanese war. In den 1960 Jahren fingen dann zwei Z\u00fcchterinnen in den USA und Kanada an, mit Siam\/Burma Verpaarungen zu arbeiten. Die K\u00e4tzchen aus dieser Verpaarung hatten eine warme braune Farbe mit dunkleren Abzeichen. Die Z\u00fcchterinnen fanden, dass Fell der K\u00e4tzchen sehe aus wie das von einem Nerz und nannten die Farbe daher \"natural Mink\" (Nerz) und so wurde dann Mink die Bezeichnung f\u00fcr den Tonkanesen-Farbtyp. Von hier aus trat dann die Tonkanese ihren Siegeszug im gesamten englischsprachigen Raum an.\r\n<h3><strong>Anerkennung<\/strong><\/h3>\r\n<a href=\"http:\/\/www.tonkinese.ch\/nashiras\/wp-content\/uploads\/2012\/06\/tonkinese_profile_wongmau2.jpeg\"><img class=\"alignright size-full wp-image-49\" title=\"tonkinese_profile_wongmau2\" src=\"http:\/\/www.tonkinese.ch\/nashiras\/wp-content\/uploads\/2012\/06\/tonkinese_profile_wongmau2.jpeg\" alt=\"\" width=\"254\" height=\"396\" \/><\/a>Dass diese Katze bei uns noch relativ selten ist, hat verschiedene Gr\u00fcnde; zum einen wird die Tonkanese von der FIF\u00e9 (F\u00e9d\u00e9ration\u00a0Internationale\u00a0F\u00e9line) noch immer als nicht anerkannte Rasse und Farbe gef\u00fchrt. Dies bedeutet, dass man seine Tonkanese nur bei einem freien (nicht der FIF\u00e9 angeschlossenen) Verein ausstellen kann, da sie auf FIF\u00e9-Ausstellungen keine Titel oder Bewertungen erwerben k\u00f6nnen. Durch viele ausl\u00e4ndische Vereine ist die Anerkennung der Tonkanese jedoch inzwischen erfolgt (1965 von der CCA, Canadian Cat Association; 1975 von der CFF, Cat Fanciers Federation als erster amerikanischer Verein und 1991 schliesslich vom GCCF, Governing Council of the Cat Fancy, UK). Zum andern ist die Zucht der Tonkanesen anspruchsvoll und setzt gewisse Grundkenntnisse der Farbgenetik voraus, da nicht nur die verschiedenen Farben, sondern auch die drei typischen, f\u00fcr Tonkanesen charakteristischen Farbtypen, Pointed - Mink -\u00a0Solid, ber\u00fccksichtigt werden m\u00fcssen.\r\n<h3><strong>Genetik<\/strong><\/h3>\r\nWie die andern Maskenkatzen (Siam, Burma) geh\u00f6rt auch die Tonkanese zum genetischen System der Albino-Serie. Die charakteristische Mink-F\u00e4rbung verdankt sie dem Umstand, dass das Gen f\u00fcr Pointed\u00a0(cs\"colored siamese\") und das Gen f\u00fcr Solid\u00a0(<strong>cb<\/strong>, \"colored burmese\") co-dominant sind. Tonkanesen mit mittlerem Kontrast f\u00fchren nun ein Gen\u00a0<strong>cs<\/strong>\u00a0und ein Gen\u00a0<strong>cb<\/strong>. Das Zusammenwirken dieser zwei Gene f\u00fchrt auch zu einer Verminderung der Pigmentierung im Auge, so dass diese blau-gr\u00fcn erscheinen. Daraus resultiert nun auch die Schwierigkeit bei der Zucht: verpaart man n\u00e4mlich zwei Katzen vom Farbtyp Mink(<strong>cscb<\/strong>), kann man zwei K\u00e4tzchen mit Tonkinesenabzeichen (<strong>cscb<\/strong>), eins mit Siamabzeichen (<strong>cscs<\/strong>) und eins mit Burmaf\u00e4rbung (<strong>cbcb<\/strong>) erwarten. Diese Aufspaltung bezieht sich jedoch nur auf die Farbtypen, die K\u00e4tzchen sind n\u00e4mlich alles Tonkanesen und nicht wie manchmal falsch beschrieben Siamesen oder Burmesen, da sie n\u00e4mlich abgesehen vom Farbtyp dem Standard der Tonkanesen entsprechen. Da Tonkanesen hell geboren werden, ist es anfangs oft schwierig zu bestimmen, welchem Farbtyp die Katzenbabies entsprechen. Die endg\u00fcltige Fell- und Augenfarbe ist oft erst mit dem 2. Lebensjahr fertig entwickelt.","protected":false},"excerpt":{"rendered":"<p>Schmusetiger mit Aqua Augen Ein wundervoller Charakter, ein seidig gl\u00e4nzendes Fell und die in der Katzenwelt einmaligen aquafarbenen Augen sind die Markenzeichen dieser in der Schweiz leider noch viel zu wenig bekannten Rasse, die nicht nur durch ihre Sch\u00f6nheit, sondern&#8230; <a class=\"more-link\" href=\"http:\/\/www.tonkinese.ch\/nashiras\/tonkanesen\/\">Weiterlesen &rarr;<\/a><\/p>\n","protected":false},"author":1,"featured_media":0,"parent":0,"menu_order":3,"comment_status":"closed","ping_status":"closed","template":"","meta":[],"_links":{"self":[{"href":"http:\/\/www.tonkinese.ch\/nashiras\/wp-json\/wp\/v2\/pages\/45"}],"collection":[{"href":"http:\/\/www.tonkinese.ch\/nashiras\/wp-json\/wp\/v2\/pages"}],"about":[{"href":"http:\/\/www.tonkinese.ch\/nashiras\/wp-json\/wp\/v2\/types\/page"}],"author":[{"embeddable":true,"href":"http:\/\/www.tonkinese.ch\/nashiras\/wp-json\/wp\/v2\/users\/1"}],"replies":[{"embeddable":true,"href":"http:\/\/www.tonkinese.ch\/nashiras\/wp-json\/wp\/v2\/comments?post=45"}],"version-history":[{"count":6,"href":"http:\/\/www.tonkinese.ch\/nashiras\/wp-json\/wp\/v2\/pages\/45\/revisions"}],"predecessor-version":[{"id":81,"href":"http:\/\/www.tonkinese.ch\/nashiras\/wp-json\/wp\/v2\/pages\/45\/revisions\/81"}],"wp:attachment":[{"href":"http:\/\/www.tonkinese.ch\/nashiras\/wp-json\/wp\/v2\/media?parent=45"}],"curies":[{"name":"wp","href":"https:\/\/api.w.org\/{rel}","templated":true}]}}